*v - s = -659. What is the units digit of v?
8
Suppose 2*j + 70 = -j - 4*h, 5*h = 25. Let z be (-13 + 8)/((-2)/8). Let s = z - j. What is the tens digit of s?
5
Let u = -15 + 21. Let a be -4*u/(-30)*(-10)/4. What is the tens digit of -3 + 556/24 - a/(-12)?
2
What is the hundreds digit of -12*(-30)/(-288) - 178714/(-8)?
3
Suppose 12 = 7*v - v. Suppose 16 = 3*j - v*o, 17 = 5*j + o - 1. What is the units digit of 2 - (j - 6)*1?
4
Suppose k - 30*k = 580. What is the units digit of ((-1465)/k)/((-3)/(-15 + 3))?
3
Suppose 0*b - 70 = -5*b + 5*a, -b - 2 = 3*a. Suppose 14*f = b*f + 5896. What is the units digit of f?
4
Suppose 2*x - 204 = 842. Let g = 750 - x. What is the hundreds digit of g?
2
Let o(q) be the second derivative of -6*q + 0 - 53/2*q**2 - 10/3*q**3. What is the tens digit of o(-17)?
8
Suppose -15070 = -12*u - 9640 + 39462. What is the hundreds digit of u?
7
Suppose 110904 = -4*v + 75*v - 283714. What is the tens digit of v?
5
Suppose 6*m + m = 8176. Suppose 5*r - 3*b - 3115 + 237 = 0, 0 = -2*r - 3*b + m. What is the tens digit of r?
7
Let h(n) = n**3 - 16*n**2 - 56*n - 27. Let w(a) = a**2 + a + 1. Let x(d) = -h(d) - 3*w(d). What is the units digit of x(16)?
4
Suppose 4*h = 7*h + 114. Let v be 1/(4/(-12))*-1 - h. Let d = v - 27. What is the tens digit of d?
1
Let p be ((-3)/(-3) - 3) + -568. Let l = 97 - p. What is the tens digit of l?
6
Let p = 738 + -573. Suppose 2*a - 655 = -2*a + g, a = -g + p. What is the tens digit of a?
6
Let x = -10985 + 15798. What is the tens digit of x?
1
Let u = 248 - 236. Suppose u*a = 21*a - 7389. What is the units digit of a?
1
Suppose -5259 = -13*d + 6662. Suppose -d = 3*r - 10*r. What is the tens digit of r?
3
Suppose -3*p = p - 16. Suppose 3*c = -p*r + 39, -3*c + 8 = -2*r + c. What is the tens digit of 5122/78 - 4/r?
6
Let j = -260 + 336. Suppose 0 = j*x - 78*x + 596. What is the tens digit of x?
9
Let l be ((4 - 268)/(-4))/((-4)/(-2)). Suppose 39*y = l*y - 354. Let i = 64 + y. What is the units digit of i?
5
Let r = 13492 - 8117. What is the units digit of r?
5
Let s(j) = 6*j**3 + 9. Let a(r) = 5*r**3 - r**2 - r + 8. Let w(z) = -7*a(z) + 6*s(z). Let y be w(-6). What is the units digit of y/1 + 5 - -102?
9
Let g(a) = 161*a**2 + 13*a + 187. What is the tens digit of g(-9)?
1
Let q = -50 + 56. Let o be ((-18)/10)/(45/(-8850)). Suppose 0 = q*f - o - 642. What is the units digit of f?
6
Let d = 618 + -604. Suppose 0*a = -5*z + 3*a + 79, -91 = -5*z - 3*a. Suppose -z*p + 675 = -d*p. What is the tens digit of p?
2
Let j(o) be the first derivative of o**4/4 - 10*o**3/3 - 17*o**2/2 + 6*o - 21. Let b be j(12). Let p = 40 + b. What is the units digit of p?
0
Let y be 30 + -38 + 60/2. Suppose 33912 = y*u + 14*u. What is the tens digit of u?
4
Suppose -6*y = -4*y - 1348. Let p = 1148 - y. What is the tens digit of p?
7
What is the hundreds digit of (-2)/(-6)*12/(-18) + 309918/54?
7
Let w be 0 + 4 + (-52 + 3)/7. What is the hundreds digit of w/(18/(-20))*102?
3
Let d(f) = f**3 - 4*f**2 + 11*f + 8. Let z be d(10). Let c = z - 260. Suppose 2 = 2*p, 2*a + 3*a = 2*p + c. What is the units digit of a?
2
Suppose 165*v + 115*v - 9972984 = 13*v. What is the ten thousands digit of v?
3
Let d(y) = 4189*y + 5532. What is the tens digit of d(18)?
3
Let f = -208 - -191. What is the tens digit of -2 - (41*f - (27 + -22))?
0
Let p(x) = 4*x + 24. Let g be p(-11). What is the units digit of (6*g)/((45/40)/(-3))?
0
Suppose 59*w = 49*w. Let d(b) = -b**3 - b**2 + b + 231. Let q be d(w). Suppose p + 116 = -3*a + 759, a = 3*p + q. What is the units digit of a?
6
Let f(u) = -70*u - 240. Let h be f(-4). What is the units digit of -4 - (8/6)/(h/(-6060))?
8
Let g(l) = 1021*l**3 + 5*l**2 - 10*l - 42. What is the units digit of g(3)?
0
Let i(j) = 41*j**2 - 35*j + 28. What is the tens digit of i(5)?
7
Let z(m) = 36*m + 1. Let r be z(-4). Let s = 180 + r. What is the units digit of s?
7
Let i(t) = -t**2 + 1. Let r(h) = -8*h**2 - 13*h + 39. Let c(a) = -3*i(a) + r(a). Let s be c(6). Let p = -8 - s. What is the hundreds digit of p?
2
Let m(g) = -16341*g**3 + 12*g**2 + 12*g - 2. What is the units digit of m(-1)?
9
Suppose -4*w - 147 = n + 176, 5*n + 255 = -3*w. Let m be 2*(48/w - 16/(-10)). Suppose -m*h = -6*h + 732. What is the units digit of h?
3
Let q(g) = g**2 + 32*g + 138. Let w be q(-5). Suppose -w*s = -2597 + 413. What is the tens digit of s?
2
Let i(u) = -u**3 + 7*u**2 + 12*u + 968. Let s(n) = -2*n**2 - 1. Let z(o) = i(o) + 3*s(o). What is the hundreds digit of z(0)?
9
Let w(a) be the third derivative of 11*a**5/15 + a**4/3 - 4*a**3/3 - 260*a**2. What is the units digit of w(4)?
8
Let k(b) = 3*b**3 - 188*b**2 - 62*b + 49. What is the units digit of k(63)?
2
Let w(t) = -t**3 - 18*t**2 - 13*t + 103. What is the hundreds digit of w(-23)?
0
Let q(y) = -y**3 + 23*y**2 - 14*y**2 + 20 - y - 2*y + y. Let f be q(9). Suppose -6*n + 190 = -f. What is the units digit of n?
2
Let h be (-8)/36 - (-20262)/54. What is the units digit of (5 + h/(-10))*-2?
5
Suppose 9*a = 4*z + 4*a + 186, -3*z - 145 = -a. Suppose 216 = -0*u - 8*u. Let p = u - z. What is the tens digit of p?
2
Suppose -9*c = -12*c + 2*z + 989, -c = z - 338. Suppose 0 = 3*w - c + 48. What is the units digit of w?
5
Suppose -10*r + 3 = -37. Let b(n) = 29*n**2 + 3*n - 10. What is the tens digit of b(r)?
6
Suppose 0 = 41*j + 83*j - 2828705 - 1153183. What is the hundreds digit of j?
1
Let b = 2225 - 47. What is the units digit of b?
8
Suppose 0*s - 99 = -5*o - 2*s, 5*o - 85 = 5*s. Suppose -2*m = -o*m + 7310. What is the tens digit of m?
3
Suppose -12*g = -4 + 136. Let z be (-2)/(g + 7 - 158/(-40)). What is the tens digit of (z/(-6))/(3/(-45)) + 4?
0
Let a be ((-4)/(-6) + -2)/((-49)/3381). Suppose -11852 = -24*m - a. What is the tens digit of m?
9
Suppose 0 = 8*l - 37 + 5. Suppose 2*g + 1026 = l*g + 5*p, 5*p - 20 = 0. Suppose -4*q + 7*q = 4*c - 670, -3*c + 2*q + g = 0. What is the units digit of c?
9
What is the units digit of ((-30)/12 - -11)*1826?
1
Let w = -209 - -251. Suppose -w*a + 8451 = -20529. What is the hundreds digit of a?
6
Suppose 7*h + 5 = 33. Suppose l = u - 2, 0*l = -2*l + h. Suppose -u*b + 819 = 3*b. What is the tens digit of b?
1
Let m be -13 + 1/(10/(-8) + 1). Let j(z) = z**3 + 5*z**2 - 9*z - 6. Let d be j(-7). Let v = m - d. What is the tens digit of v?
2
Let s = 6578 + -3651. What is the hundreds digit of s?
9
Let s = 5008 + -578. Suppose 0 = 27*n - 19793 + s. What is the units digit of n?
9
Suppose -5*n - s = -0*n - 201, -5*n - 5*s + 185 = 0. Let k = n + -51. What is the units digit of (68/k)/(2 - (-12)/(-5))?
7
Let h(n) = 5*n**2 - 12*n - 4. Suppose 2*b - 7*b = -4*o - 9, b + 3*o = -2. Let c(i) = -i**2. Let a(u) = b*h(u) + 4*c(u). What is the tens digit of a(-5)?
8
Let g be -70*((-35)/(-10) + -3). What is the tens digit of ((-42)/g)/((-4)/(-290))?
8
Suppose -2*n = -52 - 80. Suppose r + 2*r + v - 192 = 0, 0 = -r - v + n. Suppose x - r - 206 = 0. What is the tens digit of x?
6
Let j(i) = i**2 + i + 4. Let n be j(4). Suppose 5*a + 1 = 31. Suppose -5*r + n = -a. What is the units digit of r?
6
Let s be -1 + -1 + 0/(-23). Let j be (s - 2) + 5 - -88. Let y = 252 - j. What is the tens digit of y?
6
Let i(o) = -525*o + 8066. What is the tens digit of i(0)?
6
Let x(i) = 120*i**2 - 226*i + 36. What is the thousands digit of x(9)?
7
Let w be (3 - 3*(-4)/(-12)) + 43. Let d = -67 + w. What is the tens digit of 5/((-110)/4) - 2072/d?
9
Suppose -5*j - 5*v = 5, -2*j - 6 = -v + 5*v. Let d be 49 - (2 + j + -5). Let s = 78 + d. What is the hundreds digit of s?
1
Suppose 8*r + 41 = 57. What is the tens digit of (177639/308)/(r/16*6)?
6
Suppose -4*i + 37906 = 5*c, 5*c - 50594 + 12700 = -i. What is the hundreds digit of c?
5
Let p(s) = s**3 - 7*s**2 - 6*s + 10. Let i(x) = -x - 7. Let j be i(-7). Suppose j = 3*k - 21 - 6. What is the units digit of p(k)?
8
Let s = 1173 - 2108. Let a = 1523 + s. What is the units digit of a/9 + (-1)/3?
5
Let t = -20242 + 32770. What is the tens digit of t?
2
Suppose 0 = -3*a - c + 96 - 13, 129 = 4*a + 5*c. Let n = 31 - a. Suppose n*b - 3*v - 196 = 0, 0*v + 5*v = -2*b + 66. What is the units digit of b?
8
Suppose 6 = 2*c + 30. Let f be 39/1*c/(-6). Suppose 2*r + f = 3*r - 4*l, -2*r + 4*l = -168. What is the units digit of r?
0
Let h(r) = 8766*r**2 - 6*r - 1. What is